{"id":6,"date":"2013-01-26T23:02:12","date_gmt":"2013-01-26T22:02:12","guid":{"rendered":"http:\/\/elof.fr\/conferences\/?page_id=6"},"modified":"2018-07-08T13:53:30","modified_gmt":"2018-07-08T12:53:30","slug":"conferences-a-venir","status":"publish","type":"page","link":"http:\/\/elof.fr\/conferences\/?page_id=6","title":{"rendered":"Th\u00e9matiques"},"content":{"rendered":"<ul>\n<li>\n<h3><span style=\"color: #f5b00f;\"><b>S\u00e9lestat 1918<\/b><\/span><\/h3>\n<\/li>\n<\/ul>\n<p>Dur\u00e9e approximative 1h 15<\/p>\n<p>Une pr\u00e9sentation de la ville de S\u00e9lestat pendant la tourmente de l&rsquo;ann\u00e9e 1918 : l&rsquo;organisation ethnologique et sociale\u00a0avec les conditions de vie, l&rsquo;organisation territoriale, l&rsquo;organisation politique et militaire seront abord\u00e9s.<\/p>\n<p><a href=\"http:\/\/elof.fr\/conferences\/wp-content\/uploads\/2018\/07\/Selestat-1918.jpg\"><img loading=\"lazy\" decoding=\"async\" class=\"aligncenter size-medium wp-image-453\" src=\"http:\/\/elof.fr\/conferences\/wp-content\/uploads\/2018\/07\/Selestat-1918-223x300.jpg\" alt=\"Selestat 1918\" width=\"223\" height=\"300\" srcset=\"http:\/\/elof.fr\/conferences\/wp-content\/uploads\/2018\/07\/Selestat-1918-223x300.jpg 223w, http:\/\/elof.fr\/conferences\/wp-content\/uploads\/2018\/07\/Selestat-1918.jpg 382w\" sizes=\"auto, (max-width: 223px) 100vw, 223px\" \/><\/a><\/p>\n<p>&nbsp;<\/p>\n<ul>\n<li>\n<h3><span style=\"color: #f5b00f;\"><strong>La bourgeoisie en Alsace<br \/>\n<\/strong><\/span><\/h3>\n<\/li>\n<\/ul>\n<p>Une conf\u00e9rence r\u00e9alis\u00e9e sp\u00e9cifiquement sur deux cit\u00e9s : Marckolsheim et S\u00e9lestat.<\/p>\n<p>&nbsp;<\/p>\n<ul>\n<li>\n<h3><span style=\"color: #f5b00f;\"><strong>Une fratrie alsacienne au service du Kaiser 14-18 <\/strong><\/span><\/h3>\n<\/li>\n<\/ul>\n<p><span class=\"fsl\">La th\u00e9matique de cette soir\u00e9e, pr\u00e9sent\u00e9e par Christophe Woehrle, portera sur le destin de trois fr\u00e8res lors de la Grande Guerre. En plongeant dans leur quotidien, en suivant leur p\u00e9riple, retrouvez un peu de vos racines, de votre histoire, de la r\u00e9alit\u00e9 d&rsquo;une \u00e9poque qui nous \u00e9chappe encore. Ce n&rsquo;est pas un manifeste pour l&rsquo;Alsace, il s&rsquo;agit simplement d&rsquo;une histoire vraie, v\u00e9cue et qui ressemble \u00e0 tant de destins v\u00e9cus dans l&rsquo;Alsace du d\u00e9but du 20e si\u00e8cle.<\/span><\/p>\n<p>A partir de documents familiaux, de rapports officiels et de livres de r\u00e9giments, Christophe Woehrle, historien, a retrac\u00e9 la vie de trois fr\u00e8res, soldats du Reich, et vous la fait partager au travers de la vision de l&rsquo;un d\u2019eux. Partez au c\u0153ur de l&rsquo;Alsace, avec des mots simples et une sensibilit\u00e9 toute particuli\u00e8re, revivez ce que fut la vie d&rsquo;un soldat du Reich au service de l&rsquo;Empereur lors du premier conflit mondial et parcourez l&rsquo;Europe, \u00e0 la d\u00e9couverte de \u00ab\u00a0votre\u00a0\u00bb histoire !<\/p>\n<p>&nbsp;<\/p>\n<p style=\"text-align: center;\"><a href=\"http:\/\/elof.fr\/conferences\/wp-content\/uploads\/2013\/01\/fratrierecadree.jpg\"><img loading=\"lazy\" decoding=\"async\" class=\"aligncenter size-medium wp-image-402\" src=\"http:\/\/elof.fr\/conferences\/wp-content\/uploads\/2013\/01\/fratrierecadree-300x271.jpg\" alt=\"fratrierecadree\" width=\"300\" height=\"271\" srcset=\"http:\/\/elof.fr\/conferences\/wp-content\/uploads\/2013\/01\/fratrierecadree-300x271.jpg 300w, http:\/\/elof.fr\/conferences\/wp-content\/uploads\/2013\/01\/fratrierecadree-1024x924.jpg 1024w, http:\/\/elof.fr\/conferences\/wp-content\/uploads\/2013\/01\/fratrierecadree.jpg 1359w\" sizes=\"auto, (max-width: 300px) 100vw, 300px\" \/><\/a>Louis, \u00c9mile et Eug\u00e8ne Faber<\/p>\n<ul>\n<li>\n<h3><span style=\"color: #f5b00f;\"><strong>Les prisonniers de guerre fran\u00e7ais \u00e0 Bamberg pendant la Seconde Guerre mondiale<\/strong><\/span><\/h3>\n<\/li>\n<\/ul>\n<p>Lors de sa premi\u00e8re conf\u00e9rence sur le sujet de sa th\u00e8se, Christophe Woehrl\u00e9, permettra \u00e0 son public d\u2019avoir un premier aper\u00e7u sur le travail de recherches qu\u2019il a d\u00e9but\u00e9 depuis quelques ann\u00e9es maintenant.<\/p>\n<p>&#8211; G\u00e9n\u00e9ralit\u00e9s sur la captivit\u00e9 pendant la Seconde Guerre mondiale<br \/>\n&#8211; Les Prisonniers de Guerre sont-ils des travailleurs forc\u00e9s ?<br \/>\n&#8211; \u00c9conomie de guerre \u00e0 Bamberg et relations des entreprises avec les PG<br \/>\n&#8211; Rapports entre PG et femmes allemandes<br \/>\n&#8211; Mort en terre \u00e9trang\u00e8re et culture de la m\u00e9moire<\/p>\n<p><em>Generalit\u00e4ten \u00fcber die Kriegsgefangenschaft w\u00e4hrend des Zweiten Weltkrieges. <\/em><\/p>\n<p><em>Sind Kriegsgefangene Zwangsarbeiter ? <\/em><\/p>\n<p><em>Ein kurzer Einblick in der Bamberger Kriegswirtschaft und die Beziehungen dessen Firmen und der Fremdarbeiter. <\/em><\/p>\n<p><em>Je t\u2019aime moi non plus, Titel eines franz\u00f6sisches Lied von Serge Gainsbourg und \u00fcbersetzt :\u00a0 \u00ab\u00a0Ich liebe dich, ich dich auch nicht\u00a0\u00bb. Beziehungen zwischen franz\u00f6sische Kriegsgefangene und deutsche Frauen. <\/em><\/p>\n<p><em>Zum Schluss wird es um Tod und Erinnerunskultur gehen. <\/em><\/p>\n<p><em>Dann haben wir noch Zeit f\u00fcr Fragen und Anregungen.<\/em><\/p>\n<p>&nbsp;<\/p>\n<ul>\n<li>\n<h3>\u00a0<span style=\"color: #f5b00f;\"><strong>L&rsquo;image de l&rsquo;autre<\/strong><\/span><\/h3>\n<p><strong>Propagande illustr\u00e9e fran\u00e7aise et allemande lors de la Premi\u00e8re Guerre mondiale<\/strong><\/li>\n<\/ul>\n<p>Dur\u00e9e approximative 1h<\/p>\n<p><span style=\"color: black; font-size: small;\">A partir d\u2019images, de dessins, de textes extraits des journaux de tranch\u00e9es parus du c\u00f4t\u00e9 fran\u00e7ais et du c\u00f4t\u00e9 allemand lors de la Premi\u00e8re Guerre mondiale ; \u00e0 partir de cartes postales, d\u2019affiches et d\u2019autres supports, prenez la mesure de l\u2019impact de la propagande sur la construction du pr\u00e9jug\u00e9, sur la r\u00e9ception de \u00ab\u00a0l\u2019image de l\u2019autre\u00a0\u00bb, lors et au-del\u00e0 du conflit.<\/span><\/p>\n<p>&nbsp;<\/p>\n<blockquote><p>5 ann\u00e9es de guerre, de violence, de col\u00e8re, de haine&#8230;les qualificatifs ne manquent pas pour d\u00e9finir la \u00ab\u00a0Der des Ders\u00a0\u00bb. Si la guerre est mondiale, ce sont deux nations qui s&rsquo;affrontent \u00e0 nouveau, la France et l&rsquo;Allemagne. Dans les tranch\u00e9es, des soldats de tous les horizons se vouent une haine mutuelle, ils ne se l&rsquo;expliquent pas, ne se connaissant pas, mais ils la ressentent au fond d&rsquo;eux-m\u00eames.<\/p>\n<p>Dans la boue et les abris, ils \u00e9crivent des journaux qui circulent entre eux, parfois au-del\u00e0 de la tranch\u00e9e jusque dans les lignes ennemies, ils y d\u00e9versent leur col\u00e8re d&rsquo;\u00eatre l\u00e0 et de voir la mort si proche. La propagande, dans les deux camps, instrumentalise ce ph\u00e9nom\u00e8ne \u00e0 l&rsquo;extr\u00eame et se sert de moyens de communication populaires, traditionnels ou nouveaux pour entretenir suffisamment de haine pour que les soldats sortent de leurs tranch\u00e9es et tombent au champ d&rsquo;honneur.<\/p>\n<p>D\u00e9finir l&rsquo;autre c&rsquo;est affirmer sa propre identit\u00e9. L&rsquo;alt\u00e9rit\u00e9 engendre le rejet et la peur pousse \u00e0 l&rsquo;affrontement. En modelant \u00ab\u00a0l&rsquo;image de l&rsquo;autre\u00a0\u00bb la propagande a su fa\u00e7onner toute une g\u00e9n\u00e9ration et dans un seul \u00e9lan, la pousser au sacrifice, pour la patrie !<\/p><\/blockquote>\n<p style=\"text-align: center;\"><a href=\"http:\/\/elof.fr\/conferences\/wp-content\/uploads\/2013\/01\/236-Marckolsheim-Conf\u00e9rence-web.jpg\"><img loading=\"lazy\" decoding=\"async\" class=\"aligncenter size-medium wp-image-367\" title=\"236 Marckolsheim Conf\u00e9rence web\" src=\"http:\/\/elof.fr\/conferences\/wp-content\/uploads\/2013\/01\/236-Marckolsheim-Conf\u00e9rence-web-300x211.jpg\" alt=\"\" width=\"300\" height=\"211\" srcset=\"http:\/\/elof.fr\/conferences\/wp-content\/uploads\/2013\/01\/236-Marckolsheim-Conf\u00e9rence-web-300x211.jpg 300w, http:\/\/elof.fr\/conferences\/wp-content\/uploads\/2013\/01\/236-Marckolsheim-Conf\u00e9rence-web-1024x720.jpg 1024w, http:\/\/elof.fr\/conferences\/wp-content\/uploads\/2013\/01\/236-Marckolsheim-Conf\u00e9rence-web.jpg 1025w\" sizes=\"auto, (max-width: 300px) 100vw, 300px\" \/><\/a><\/p>\n<p style=\"text-align: center;\">Au cin\u00e9ma de La Bouilloire &#8211; Marckolsheim<\/p>\n<ul>\n<li>\n<h3><strong><span style=\"color: #f5b00f;\">Litt\u00e9nature<\/span><\/strong><\/h3>\n<\/li>\n<\/ul>\n<p>Dur\u00e9e approximative 1h10<\/p>\n<p>Christophe Woehrl\u00e9 vous invite \u00e0 d\u00e9couvrir les fables de Jean de La Fontaine sous un angle diff\u00e9rent. Ainsi, il traite des fables <em>La Chauve-Souris et des deux Belettes<\/em> ainsi que <em>Le Loup et la Cigogne<\/em> en vous proposant de voyager avec les mots. Si les mythes, l\u00e9gendes, m\u00e9tiers et traditions sont cont\u00e9s dans le livre, la conf\u00e9rence d\u00e9veloppe surtout l&rsquo;aspect de l&rsquo;origine et du sens des mots, de la morale ainsi que la signification et l&rsquo;origine de proverbes et dictons.<\/p>\n<p>Comme l&rsquo;\u00e9crivait Jean de La Fontaine : \u00abJe me sers d&rsquo;animaux pour instruire les hommes\u00bb. De d\u00e9finitions en citations, partageons un moment de \u00abLitt\u00e9nature\u00bb.<\/p>\n<p>&nbsp;<\/p>\n<ul>\n<li>\n<h3><strong><span style=\"color: #f5b00f;\">Si les oiseaux m&rsquo;\u00e9taient cont\u00e9s<\/span><\/strong><\/h3>\n<\/li>\n<\/ul>\n<p>Dur\u00e9e approximative 1h20<\/p>\n<p>Cette conf\u00e9rence vous pr\u00e9sente de magnifiques gravures in\u00e9dites red\u00e9couvertes par le conf\u00e9rencier. Des documents rares et exceptionnels seront accompagn\u00e9s de supports sonores. Christophe Woehrl\u00e9 traitera diverses particularit\u00e9s des oiseaux de l&rsquo;Est de la France, qu&rsquo;ils soient communs, en voie d&rsquo;extinction, disparus ou patrimoniaux.<\/p>\n<p>Laissez-vous transporter pour un voyage de d\u00e9couverte de notre patrimoine naturel au travers d&rsquo;un fabuleux vol au dessus d&rsquo;un nid de &#8230;. cigognes.<\/p>\n<p style=\"text-align: center;\"><a href=\"http:\/\/elof.fr\/conferences\/wp-content\/uploads\/2013\/01\/DSC05464.jpg\"><img loading=\"lazy\" decoding=\"async\" class=\"aligncenter size-medium wp-image-323\" title=\"Si les oiseaux m'\u00e9taient cont\u00e9s \u00e0 Holtzwihr-2012\" src=\"http:\/\/elof.fr\/conferences\/wp-content\/uploads\/2013\/01\/DSC05464-300x225.jpg\" alt=\"\" width=\"300\" height=\"225\" srcset=\"http:\/\/elof.fr\/conferences\/wp-content\/uploads\/2013\/01\/DSC05464-300x225.jpg 300w, http:\/\/elof.fr\/conferences\/wp-content\/uploads\/2013\/01\/DSC05464-1024x768.jpg 1024w\" sizes=\"auto, (max-width: 300px) 100vw, 300px\" \/><\/a>Si les oiseaux m&rsquo;\u00e9taient cont\u00e9s \u00e0 Holtzwihr<\/p>\n<p>&nbsp;<\/p>\n<ul>\n<li>\n<h3><strong><span style=\"color: #f5b00f;\">La Loutre au fil de l&rsquo;eau<\/span><\/strong><\/h3>\n<\/li>\n<\/ul>\n<p>Dur\u00e9e approximative 1h<\/p>\n<p>Cette conf\u00e9rence vous permet de d\u00e9couvrir un animal disparu en Alsace \u00e0 l&rsquo;\u00e9tat sauvage depuis le milieu du 20\u00e8me si\u00e8cle. Apr\u00e8s avoir d\u00e9crit l\u2019\u00e9volution d\u00e9mographique jusqu&rsquo;\u00e0 sa situation actuelle en Europe et en France, Christophe Woehrl\u00e9, vous pr\u00e9sentera son interpr\u00e9tation de l\u2019\u00e9tymologie de son nom et un exemple de classification du 19\u00e8me si\u00e8cle. Pour conclure, il d\u00e9veloppera les relations qu&rsquo;a entretenu l&rsquo;homme avec cet animal \u00e9nigmatique.<\/p>\n<p>Venez partager cette fascination pour la d\u00e9esse des rivi\u00e8res et d\u00e9couvrir en compagnie du conf\u00e9rencier qui est cet animal envoutant, rejet\u00e9 et traqu\u00e9 pendant des si\u00e8cles.<\/p>\n<p style=\"text-align: center;\"><a href=\"http:\/\/elof.fr\/conferences\/wp-content\/uploads\/2013\/01\/LutraGravure.jpg\"><img loading=\"lazy\" decoding=\"async\" class=\"aligncenter  wp-image-192\" title=\"LutraGravure\" src=\"http:\/\/elof.fr\/conferences\/wp-content\/uploads\/2013\/01\/LutraGravure.jpg\" alt=\"\" width=\"323\" height=\"190\" srcset=\"http:\/\/elof.fr\/conferences\/wp-content\/uploads\/2013\/01\/LutraGravure.jpg 2490w, http:\/\/elof.fr\/conferences\/wp-content\/uploads\/2013\/01\/LutraGravure-300x175.jpg 300w, http:\/\/elof.fr\/conferences\/wp-content\/uploads\/2013\/01\/LutraGravure-1024x600.jpg 1024w\" sizes=\"auto, (max-width: 323px) 100vw, 323px\" \/><\/a><\/p>\n<ul>\n<li>\n<h3><strong><span style=\"color: #f5b00f;\">Boires et d\u00e9boires du Grand Hamster<\/span><\/strong><\/h3>\n<\/li>\n<\/ul>\n<p>Dur\u00e9e approximative 1h15<\/p>\n<p>En 1774, Fr\u00e9d\u00e9ric Gabriel Sulzer, m\u00e9decin, naturaliste et compagnon de route de Goethe \u00e9crit \u00ab\u00a0Die Erde ist aller Wesen Erhalterin, sowohl des Menschen, der sie bebaut, als der Hamsters, der sie durchw\u00fchlt\u00a0\u00bb qui signifie : La terre est m\u00e8re de toutes les esp\u00e8ces, aussi bien de l&rsquo;homme qui la cultive que du hamster qui la creuse. Il \u00e9crit alors, un Essai sur l&rsquo;histoire naturelle du hamster.<\/p>\n<p>Pr\u00e9sent sur notre belle terre alsacienne, Cricetus Cricetus porte chez nous le nom de \u00ab\u00a0Grand Hamster d&rsquo;Alsace\u00a0\u00bb ou encore celui de \u00ab\u00a0Marmotte de Strasbourg\u00a0\u00bb.<\/p>\n<p>Venez faire un retour de quelques si\u00e8cles dans le temps, Christophe Woehrl\u00e9 vous racontera l&rsquo;histoire de cet animal embl\u00e9matique. Il vous fera d\u00e9couvrir ses p\u00e9r\u00e9grinations s\u00e9culaires de 1200 \u00e0 nos jours.<\/p>\n<p style=\"text-align: center;\"><a href=\"http:\/\/elof.fr\/conferences\/wp-content\/uploads\/2013\/01\/HamFromentarius1.jpg\"><img loading=\"lazy\" decoding=\"async\" class=\"aligncenter  wp-image-198\" title=\"HamFromentariusGravure\" src=\"http:\/\/elof.fr\/conferences\/wp-content\/uploads\/2013\/01\/HamFromentarius1.jpg\" alt=\"\" width=\"139\" height=\"174\" srcset=\"http:\/\/elof.fr\/conferences\/wp-content\/uploads\/2013\/01\/HamFromentarius1.jpg 536w, http:\/\/elof.fr\/conferences\/wp-content\/uploads\/2013\/01\/HamFromentarius1-239x300.jpg 239w\" sizes=\"auto, (max-width: 139px) 100vw, 139px\" \/><\/a><\/p>\n<ul>\n<li>\n<h3><strong><span style=\"color: #f5b00f;\">Il \u00e9tait une fois le Lynx<\/span><\/strong><\/h3>\n<\/li>\n<\/ul>\n<p>Dur\u00e9e\u00a0approximative 1h15<\/p>\n<p>Cette conf\u00e9rence vous r\u00e9v\u00e9lera qui est ce grand pr\u00e9dateur discret. Vous d\u00e9couvrirez les relations qu&rsquo;a entretenu l&rsquo;homme avec cet animal (pr\u00e9sent aujourd\u2019hui dans le massif vosgien) depuis des si\u00e8cles et gr\u00e2ce au r\u00e9sultat de riches et passionnantes recherches \u00e0 travers l&rsquo;histoire du \u00ab\u00a0loup cervier\u00a0\u00bb, le conf\u00e9rencier abordera l&rsquo;\u00e9tymologie de son nom et ce qu&rsquo;est le m\u00e9tier de pelletier.<\/p>\n<p>Laissez-vous guider par Christophe Woehrl\u00e9 sur la piste du Lynx, le temps d&rsquo;une soir\u00e9e, pour vivre l\u2019enchantement de ses quelques l\u00e9gendes.<\/p>\n<p style=\"text-align: center;\"><a href=\"http:\/\/elof.fr\/conferences\/wp-content\/uploads\/2013\/01\/LoupCervierGravure1.jpg\"><img loading=\"lazy\" decoding=\"async\" class=\"aligncenter  wp-image-203\" title=\"LoupCervierGravure\" src=\"http:\/\/elof.fr\/conferences\/wp-content\/uploads\/2013\/01\/LoupCervierGravure1.jpg\" alt=\"\" width=\"293\" height=\"195\" srcset=\"http:\/\/elof.fr\/conferences\/wp-content\/uploads\/2013\/01\/LoupCervierGravure1.jpg 2261w, http:\/\/elof.fr\/conferences\/wp-content\/uploads\/2013\/01\/LoupCervierGravure1-300x199.jpg 300w, http:\/\/elof.fr\/conferences\/wp-content\/uploads\/2013\/01\/LoupCervierGravure1-1024x680.jpg 1024w\" sizes=\"auto, (max-width: 293px) 100vw, 293px\" \/><\/a><\/p>\n<p><span style=\"font-size: 14px;\"><strong><span style=\"color: #ffffff;\">Logistique et supports techniques \u00e0 fournir pour toutes les conf\u00e9rences :<\/span><\/strong><\/span><\/p>\n<p>Un \u00e9cran<\/p>\n<p>Un vid\u00e9oprojecteur<\/p>\n<p>Des hauts-parleurs\/un micro selon la r\u00e9partition spatiale<\/p>\n<p>Une table et une chaise<\/p>\n<p>Un verre d&rsquo;eau \ud83d\ude09<\/p>\n<p>Les conf\u00e9rences s&rsquo;adressent \u00e0 tout public et sont adaptables aux scolaires. Elles sont donn\u00e9es sur la base d&rsquo;un diaporama audio-visuel fourni par le conf\u00e9rencier. Possibilit\u00e9 de fourniture de mat\u00e9riel de projection et sonorisation, veuillez prendre contact.<\/p>\n<p>L&rsquo;organisateur se donne la libert\u00e9 d&rsquo;organiser un d\u00e9bat \u00e0 l&rsquo;issue de l&rsquo;intervention. Il assure la promotion de l\u2019\u00e9v\u00e8nement (support visuel fourni ou non par le conf\u00e9rencier).<\/p>\n<p>Veuillez prendre contact pour plus de renseignements.<\/p>\n","protected":false},"excerpt":{"rendered":"<p>S\u00e9lestat 1918 Dur\u00e9e approximative 1h 15 Une pr\u00e9sentation de la ville de S\u00e9lestat pendant la tourmente de l&rsquo;ann\u00e9e 1918 : l&rsquo;organisation ethnologique et sociale\u00a0avec les conditions de vie, l&rsquo;organisation territoriale, l&rsquo;organisation politique et militaire seront abord\u00e9s. &nbsp; La bourgeoisie en Alsace Une conf\u00e9rence r\u00e9alis\u00e9e sp\u00e9cifiquement sur deux cit\u00e9s : Marckolsheim et S\u00e9lestat. &nbsp; Une fratrie [&hellip;]<\/p>\n","protected":false},"author":1,"featured_media":0,"parent":0,"menu_order":1,"comment_status":"open","ping_status":"open","template":"","meta":{"footnotes":""},"class_list":["post-6","page","type-page","status-publish","hentry"],"_links":{"self":[{"href":"http:\/\/elof.fr\/conferences\/index.php?rest_route=\/wp\/v2\/pages\/6","targetHints":{"allow":["GET"]}}],"collection":[{"href":"http:\/\/elof.fr\/conferences\/index.php?rest_route=\/wp\/v2\/pages"}],"about":[{"href":"http:\/\/elof.fr\/conferences\/index.php?rest_route=\/wp\/v2\/types\/page"}],"author":[{"embeddable":true,"href":"http:\/\/elof.fr\/conferences\/index.php?rest_route=\/wp\/v2\/users\/1"}],"replies":[{"embeddable":true,"href":"http:\/\/elof.fr\/conferences\/index.php?rest_route=%2Fwp%2Fv2%2Fcomments&post=6"}],"version-history":[{"count":80,"href":"http:\/\/elof.fr\/conferences\/index.php?rest_route=\/wp\/v2\/pages\/6\/revisions"}],"predecessor-version":[{"id":458,"href":"http:\/\/elof.fr\/conferences\/index.php?rest_route=\/wp\/v2\/pages\/6\/revisions\/458"}],"wp:attachment":[{"href":"http:\/\/elof.fr\/conferences\/index.php?rest_route=%2Fwp%2Fv2%2Fmedia&parent=6"}],"curies":[{"name":"wp","href":"https:\/\/api.w.org\/{rel}","templated":true}]}}